{"id":74,"date":"2017-06-27T12:09:17","date_gmt":"2017-06-27T10:09:17","guid":{"rendered":"http:\/\/dgg-ev-bonn.de\/wp\/?page_id=74"},"modified":"2022-11-19T13:43:04","modified_gmt":"2022-11-19T12:43:04","slug":"bankverbindungspenden","status":"publish","type":"page","link":"http:\/\/dgg-ev-bonn.de\/index.php\/beispiel-seite\/bankverbindungspenden\/","title":{"rendered":"Bankverbindung\/Spenden"},"content":{"rendered":"<p>ZUWENDUNGEN als Geld- oder Sach-Spenden f\u00fcr den gemeinn\u00fctzigen Verein sind steuerlich absetzbar (DGG e. V. Finanzamt W\u00fcrzburg 257\/107\/60228\u00a0f\u00fcr Erziehung und Bildung). Letzter Freistellungsbescheid vom 19.04.2015.<\/p>\n<p><strong>Zuwendungsbest\u00e4tigungen gelten auch f\u00fcr den Mitgliedsbeitrag.<\/strong><strong>\u00a0<\/strong><\/p>\n<p>Die Gesellschaft ist selbstlos t\u00e4tig. Alle Mitarbeiter (m,w,d) sind ehrenamtlich t\u00e4tig.<em><strong>Das gilt auch f\u00fcr die DGG noV.<\/strong><\/em><\/p>\n<p>N\u00e4heres regelt die Satzung, die man auf Wunsch erhalten kann. Der Verein war beim Amtsgericht Bonn eingetragen unter VR 4265<strong> Registergericht &#8211; 53105 Bonn, <\/strong>Urkunde <strong>URNr. 2040\/2001 ga <\/strong><\/p>\n<p><strong>Sitz der Gesch\u00e4ftsstelle derzeit W\u00fcrzburg, Lengfelder Str. 29, 97078 W\u00fcrzburg<\/strong><\/p>\n<p><strong><span style=\"color: #ff0000;\">ERLOSCHEN:<\/span> <\/strong><strong>Kontoverbindung der DGG eV:\u00a0<\/strong>Sparkasse Mainfranken W\u00fcrzburg BIC: BYLADEM1SWU \u00a0\u00a0IBAN: DE 24 7905 0000 0069 7744 43SEPA: DE40DGG00000300725\u00a0 <strong>DGG-SPONSORING <\/strong><\/p>\n<p><strong><span style=\"color: #ff0000;\">ab 2022:<\/span> M\u00f6chten Sie unsere sexualp\u00e4dagogische Arbeit insbesondere zur schulp\u00e4dagogischen Aufkl\u00e4rung mit einem Geldbetrag unterst\u00fctzen? <\/strong>Sparkasse Mainfranken W\u00fcrzburg BIC: BYLADEM1SWU \u00a0\u00a0IBAN: DE20 790500 0000 48457683 \u00a0DGG-SPONSORING<\/p>\n<p><strong>\u00a0<\/strong><strong>Sexualp\u00e4dagogische Kompetenz seit 40 Jahren<\/strong> mit <strong>Rat und Tat: <\/strong>Kompetent, diskret und vertraulich<strong> per Telefon <\/strong>0049 931 29912958.6 und\u00a0<strong>per eMail <\/strong>dgg (at) sexualerziehung.org<\/p>\n<p><strong><span style=\"color: #ff0000;\">NEU<\/span><\/strong>: Die Beratung der DGG eV und ihre Informationen sind f\u00fcr alle grunds\u00e4tzlich kostenfrei. F\u00fcr notwendige ausf\u00fchrliche Recherchen wird eine Fallpauschale vereinbart, die sich am Satz des Mindestlohnes orientiert.<\/p>\n<p>Ihre <strong>Spende hilft<\/strong>, dass das so bleibt.\u2028<strong> Helfen Sie uns, damit sich auch in Zukunft schulp\u00e4dagogischen Rat suchende Menschen an uns wenden k\u00f6nnen. Die den Schulen verpflichtend vorgeschriebene Sexualerziehung in allen Klassen aller Schularten sucht und braucht Verb\u00fcndete. <\/strong>Tag f\u00fcr Tag seit 40 Jahren bem\u00fchen wir auf diesem Gebiete um Fortschritte.<\/p>\n<p>Wenn Sie helfen wollen, nutzen Sie unsere Bankverbindung f\u00fcr eine <strong>SPENDE. <\/strong>Zuwendungen an die DGG sind als gemeinn\u00fctzige Spenden steuerlich absetzbar. Eine steuerwirksame Zuwendungsbest\u00e4tigung wird Ihnen automatisch mit der Post zugeschickt. <strong>Ihre Spende ist steuerlich abzugsf\u00e4hig.<\/strong> Das Finanzamt akzeptiert Ihren Zahlungsbeleg bis 100,- Euro als Zuwendungsbest\u00e4tigung.<\/p>\n<p><strong>\u00a0<\/strong>Unsere Beratung und Infomaterialien\u00a0sind f\u00fcr Mitglieder und alle Ratsuchenden kostenfrei. Ihre Spende hilft, dass das so bleibt.\u2028Spenden Sie <a href=\"https:\/\/www.isg-info.de\/unterstuetzen-sie-uns\/?tx_powermail_pi1%5Buid190%5D=10\">10,-<\/a> , <a href=\"https:\/\/www.isg-info.de\/unterstuetzen-sie-uns\/?tx_powermail_pi1%5Buid190%5D=15\">15,-<\/a> oder <a href=\"https:\/\/www.isg-info.de\/unterstuetzen-sie-uns\/?tx_powermail_pi1%5Buid190%5D=25\">25,-\u00a0<\/a> Euro, damit wir unsere Arbeit fortsetzen k\u00f6nnen. \u2028Nat\u00fcrlich k\u00f6nnen Sie auch einen <a href=\"https:\/\/www.isg-info.de\/unterstuetzen-sie-uns\/?tx_powermail_pi1%255Buid190%255D=anderer%20Betrag\">individuellen Betrag<\/a> spenden.\u2028Vielen Dank!<\/p>\n<p><u>Nach<\/u> erfolgreicher Beratung nehmen wir selbstverst\u00e4ndlich gerne auch eine Spende f\u00fcr unsere weitere Beratungsarbeit oder f\u00fcr einen vereinbarten Zweck im Bereich der Satzung an.<\/p>\n","protected":false},"excerpt":{"rendered":"<p>ZUWENDUNGEN als Geld- oder Sach-Spenden f\u00fcr den gemeinn\u00fctzigen Verein sind steuerlich absetzbar (DGG e. V. Finanzamt W\u00fcrzburg 257\/107\/60228\u00a0f\u00fcr Erziehung und<\/p>\n","protected":false},"author":1,"featured_media":0,"parent":2,"menu_order":8,"comment_status":"closed","ping_status":"closed","template":"","meta":{"footnotes":""},"class_list":["post-74","page","type-page","status-publish","hentry"],"_links":{"self":[{"href":"http:\/\/dgg-ev-bonn.de\/index.php\/wp-json\/wp\/v2\/pages\/74","targetHints":{"allow":["GET"]}}],"collection":[{"href":"http:\/\/dgg-ev-bonn.de\/index.php\/wp-json\/wp\/v2\/pages"}],"about":[{"href":"http:\/\/dgg-ev-bonn.de\/index.php\/wp-json\/wp\/v2\/types\/page"}],"author":[{"embeddable":true,"href":"http:\/\/dgg-ev-bonn.de\/index.php\/wp-json\/wp\/v2\/users\/1"}],"replies":[{"embeddable":true,"href":"http:\/\/dgg-ev-bonn.de\/index.php\/wp-json\/wp\/v2\/comments?post=74"}],"version-history":[{"count":4,"href":"http:\/\/dgg-ev-bonn.de\/index.php\/wp-json\/wp\/v2\/pages\/74\/revisions"}],"predecessor-version":[{"id":1229,"href":"http:\/\/dgg-ev-bonn.de\/index.php\/wp-json\/wp\/v2\/pages\/74\/revisions\/1229"}],"up":[{"embeddable":true,"href":"http:\/\/dgg-ev-bonn.de\/index.php\/wp-json\/wp\/v2\/pages\/2"}],"wp:attachment":[{"href":"http:\/\/dgg-ev-bonn.de\/index.php\/wp-json\/wp\/v2\/media?parent=74"}],"curies":[{"name":"wp","href":"https:\/\/api.w.org\/{rel}","templated":true}]}}