{"id":52,"date":"2017-06-27T12:05:49","date_gmt":"2017-06-27T10:05:49","guid":{"rendered":"http:\/\/dgg-ev-bonn.de\/wp\/?page_id=52"},"modified":"2020-12-07T21:02:51","modified_gmt":"2020-12-07T20:02:51","slug":"leitgedanke-fuer-menschliche-vielfalt","status":"publish","type":"page","link":"http:\/\/dgg-ev-bonn.de\/index.php\/beispiel-seite\/leitgedanke-fuer-menschliche-vielfalt\/","title":{"rendered":"Leitgedanke f\u00fcr menschliche Vielfalt"},"content":{"rendered":"<p><strong>Leitgedanke f\u00fcr sexualp\u00e4dagogischen Einsatz gegen Homophobie und f\u00fcr menschliche Vielfalt<\/strong><\/p>\n<p><strong>Toleranz fordern, Akzeptant leben und Respekt zeigen!<\/strong><\/p>\n<p><em>Die Teilnehmer der DGG-Tagung im Hamburg 2014 vereinbarten respektvollen Umgang mit- und untereinander, das Einhalten der satzungsgem\u00e4\u00dfen Ordnung und die Ehrenerkl\u00e4rung unserer Gesellschaft DGG e.V.<\/em><\/p>\n<p><em>Hiermit unterst\u00fctzen die DGG e.V. folgende Leitgedanken<\/em><\/p>\n<ul>\n<li>Die wissenschaftlich ausgebildeten und staatlich gepru\u0308ften Lehrkra\u0308fte unterliegen dem Schulgesetz mit dem verbindlichen Auftrag der Sexualbildung in allen Klassen aller Schulen aller Schularten nach den geltenden Richtlinien und Lehrpla\u0308nen.<\/li>\n<li>Die &#8222;Sexualp\u00e4dagogen&#8220; au\u00dferhalb der Schule als Berater von Institutionen und o\u0308ffentlichen Einrichtungen dra\u0308ngen mit ihrer Fachkompetenz in dien Unterricht. Ihr Detailwissen und ihre Lobbyarbeit ko\u0308nnen in Kooperation hilfreich und notwendig sein. Kooperation setzt aber Einhaltung der verfassten Standards und eine konsensfa\u0308hige Werteordnung voraus. Wir wollen kein Gegeneinander der sexualpa\u0308dagogischen Experten, sondern eine Kultur des Vertrauens fu\u0308r sinnvolle, notwendige und einvernehmliche sexuelle Aufkla\u0308rung\u201c, sagte der Vorsitzende der DGG, Linus Dietz.<\/li>\n<li>Unser Ziel muss es sein, die respektvolle Achtung voreinander als Menschenrecht zu erreichen. Toleranz fordern wir als Grundlage, Akzeptanz wollen wir leben und Respekt lebenslang zeigen. Die Minister fu\u0308r Bildung sollten sich sta\u0308rker fu\u0308r ihre Schulen einsetzen. Schulen sind ein Ort der Offenheit gegenu\u0308ber den Kulturen der Welt. Toleranz, Akzeptanz, Respekt fu\u0308r jeden Menschen und seine Wu\u0308rde geho\u0308ren in das moderne Schulprogramm.<\/li>\n<li>Kinder und Jugendliche sollten durch Unterricht und Erziehung in der Lage versetzt werden, unvoreingenommen die Entwicklung der Vielfalt von Verhalten in der Gesellschaft zu erleben, um die eigene Identita\u0308t unbeeinflusst zu entwickeln.<\/li>\n<li>Der vorgeschlagene Leitgedanke f\u00fcr sexualp\u00e4dagogischen Einsatz im Unterricht der Schulen durch staatliche Lehrkra\u0308fte und hilfreiche Experten von au\u00dfen gegen Homophobie und fu\u0308r menschliche Vielfalt lautet:<\/li>\n<li><strong>Toleranz fordern, Akzeptanz leben und Respekt zeigen!<\/strong><\/li>\n<li>So wie auf sportlichen Ebenen das Coming-Out niemanden mehr wirklich sto\u0308rt, muss es auch mo\u0308glich sein, dass in Schulen Ta\u0308tige sich outen, &#8211; das gilt auch fu\u0308r Schu\u0308lerinnen und Schu\u0308ler und ihre Eltern oder Erziehungsberechtigten, &#8211; aber ohne professionelles Zusammenwirken der fu\u0308r Unterricht und Erziehung Verantwortlichen auf allen Ebenen, wird es nicht besser als bisher funktionieren.<\/li>\n<\/ul>\n<p><strong><u>Nicht nur Reden &#8211; Haltung zeigen<\/u><\/strong><\/p>\n","protected":false},"excerpt":{"rendered":"<p>Leitgedanke f\u00fcr sexualp\u00e4dagogischen Einsatz gegen Homophobie und f\u00fcr menschliche Vielfalt Toleranz fordern, Akzeptant leben und Respekt zeigen! Die Teilnehmer der<\/p>\n","protected":false},"author":1,"featured_media":0,"parent":2,"menu_order":5,"comment_status":"closed","ping_status":"closed","template":"","meta":{"footnotes":""},"class_list":["post-52","page","type-page","status-publish","hentry"],"_links":{"self":[{"href":"http:\/\/dgg-ev-bonn.de\/index.php\/wp-json\/wp\/v2\/pages\/52","targetHints":{"allow":["GET"]}}],"collection":[{"href":"http:\/\/dgg-ev-bonn.de\/index.php\/wp-json\/wp\/v2\/pages"}],"about":[{"href":"http:\/\/dgg-ev-bonn.de\/index.php\/wp-json\/wp\/v2\/types\/page"}],"author":[{"embeddable":true,"href":"http:\/\/dgg-ev-bonn.de\/index.php\/wp-json\/wp\/v2\/users\/1"}],"replies":[{"embeddable":true,"href":"http:\/\/dgg-ev-bonn.de\/index.php\/wp-json\/wp\/v2\/comments?post=52"}],"version-history":[{"count":2,"href":"http:\/\/dgg-ev-bonn.de\/index.php\/wp-json\/wp\/v2\/pages\/52\/revisions"}],"predecessor-version":[{"id":238,"href":"http:\/\/dgg-ev-bonn.de\/index.php\/wp-json\/wp\/v2\/pages\/52\/revisions\/238"}],"up":[{"embeddable":true,"href":"http:\/\/dgg-ev-bonn.de\/index.php\/wp-json\/wp\/v2\/pages\/2"}],"wp:attachment":[{"href":"http:\/\/dgg-ev-bonn.de\/index.php\/wp-json\/wp\/v2\/media?parent=52"}],"curies":[{"name":"wp","href":"https:\/\/api.w.org\/{rel}","templated":true}]}}